
683, 9241
List the prime factors of 9917270.
2, 5, 11, 89, 1013
What are the prime factors of 2094015?
3, 5, 7, 11, 37
List the prime factors of 2555209.
1483, 1723
List the prime factors of 323071.
7, 46153
List the prime factors of 11489865.
3, 5, 765991
List the prime factors of 1030939.
7, 13, 11329
What are the prime factors of 9778423?
29, 31, 73, 149
List the prime factors of 12954273.
3, 4318091
What are the prime factors of 3782615?
5, 19, 29, 1373
What are the prime factors of 18309872?
2, 7, 163481
List the prime factors of 109164.
2, 3, 11, 827
List the prime factors of 170762.
2, 85381
List the prime factors of 2077219.
1291, 1609
List the prime factors of 724676.
2, 17, 10657
What are the prime factors of 1254524?
2, 47, 6673
List the prime factors of 109601.
127, 863
List the prime factors of 5873029.
109, 53881
What are the prime factors of 20502503?
7, 2928929
List the prime factors of 15803174.
2, 19, 415873
What are the prime factors of 1645273?
7, 33577
What are the prime factors of 15364526?
2, 229, 33547
List the prime factors of 439132.
2, 311, 353
List the prime factors of 650892.
2, 3, 11, 4931
List the prime factors of 2090878.
2, 173, 6043
List the prime factors of 260250.
2, 3, 5, 347
What are the prime factors of 459728?
2, 59, 487
List the prime factors of 1334264.
2, 166783
What are the prime factors of 2738824?
2, 11, 31123
List the prime factors of 148837.
13, 107
What are the prime factors of 68260?
2, 5, 3413
What are the prime factors of 235964?
2, 58991
What are the prime factors of 24843755?
5, 167, 29753
What are the prime factors of 60943?
60943
List the prime factors of 16832629.
11, 883, 1733
List the prime factors of 7607514.
2, 3, 47, 53, 509
List the prime factors of 7958689.
7958689
List the prime factors of 320852.
2, 7, 1637
List the prime factors of 3680837.
3680837
What are the prime factors of 290608?
2, 41, 443
List the prime factors of 1788917.
13, 23, 31, 193
What are the prime factors of 12032922?
2, 3, 11, 337, 541
What are the prime factors of 7310333?
47, 155539
What are the prime factors of 817645?
5, 43, 3803
List the prime factors of 6302919.
3, 7, 53, 809
List the prime factors of 4662266.
2, 7, 333019
List the prime factors of 9089251.
9089251
List the prime factors of 6929926.
2, 31, 111773
What are the prime factors of 554856?
2, 3, 61, 379
List the prime factors of 1153849.
1153849
What are the prime factors of 1008947?
1008947
What are the prime factors of 18368?
2, 7, 41
List the prime factors of 791767.
53, 14939
List the prime factors of 1648078.
2, 824039
List the prime factors of 4079904.
2, 3, 42499
What are the prime factors of 108576?
2, 3, 13, 29
What are the prime factors of 242921?
7, 34703
What are the prime factors of 15435440?
2, 5, 61, 3163
List the prime factors of 2394135.
3, 5, 83, 641
List the prime factors of 3281990.
2, 5, 109, 3011
List the prime factors of 542500.
2, 5, 7, 31
List the prime factors of 3213444.
2, 3, 13, 20599
List the prime factors of 76543.
76543
What are the prime factors of 547829?
263, 2083
What are the prime factors of 7080111?
3, 53, 14843
List the prime factors of 84830.
2, 5, 17, 499
What are the prime factors of 1200806?
2, 600403
List the prime factors of 4741413.
3, 29, 54499
List the prime factors of 253181.
17, 53, 281
What are the prime factors of 8569174?
2, 97, 44171
What are the prime factors of 8708044?
2, 2177011
What are the prime factors of 7942858?
2, 7, 11, 51577
What are the prime factors of 45206?
2, 7, 3229
List the prime factors of 660235.
5, 132047
List the prime factors of 793324.
2, 7, 29, 977
What are the prime factors of 1041644?
2, 260411
List the prime factors of 15081627.
3, 11, 53, 8623
What are the prime factors of 2686307?
13, 206639
What are the prime factors of 2422594?
2, 491, 2467
List the prime factors of 2656286.
2, 1328143
What are the prime factors of 251124?
2, 3, 17, 1231
List the prime factors of 746042.
2, 11, 33911
What are the prime factors of 489965?
5, 7, 13999
What are the prime factors of 3449241?
3, 19, 23, 877
What are the prime factors of 687416?
2, 29, 2963
What are the prime factors of 135678?
2, 3, 22613
What are the prime factors of 26154087?
3, 499, 17471
List the prime factors of 476362.
2, 238181
List the prime factors of 199621.
199621
What are the prime factors of 436580?
2, 5, 83, 263
What are the prime factors of 21736744?
2, 17, 277, 577
List the prime factors of 439918.
2, 219959
List the prime factors of 3272837.
3272837
List the prime factors of 4781897.
29, 164893
What are the prime factors of 1103626?
2, 551813
What are the prime factors of 66665?
5, 67, 199
List the prime factors of 168142.
2, 13, 29, 223
List the prime factors of 354115.
5, 70823
What are the prime factors of 4276626?
2, 3, 131, 5441
List the prime factors of 549451.
7, 53, 1481
What are the prime factors of 781230?
2, 3, 5, 26041
List the prime factors of 690391.
13, 23, 2309
List the prime factors of 378545.
5, 75709
What are the prime factors of 17891080?
2, 5, 313, 1429
What are the prime factors of 250801?
17, 14753
What are the prime factors of 5331919?
5331919
List the prime factors of 5374912.
2, 83983
What are the prime factors of 281340?
2, 3, 5, 521
What are the prime factors of 1453655?
5, 7, 41, 1013
What are the prime factors of 5366786?
2, 79, 33967
List the prime factors of 12096847.
7, 1728121
What are the prime factors of 262396?
2, 65599
What are the prime factors of 3171526?
2, 1585763
What are the prime factors of 196266?
2, 3, 7, 4673
What are the prime factors of 25788?
2, 3, 7, 307
List the prime factors of 13049867.
149, 87583
What are the prime factors of 6452523?
3, 7, 11, 9311
List the prime factors of 3471101.
31, 41, 2731
List the prime factors of 314387.
23, 13669
What are the prime factors of 6645683?
11, 4993
List the prime factors of 10900827.
3, 7, 23, 7523
List the prime factors of 1232542.
2, 41, 15031
What are the prime factors of 194765?
5, 38953
List the prime factors of 7519258.
2, 919, 4091
List the prime factors of 3228.
2, 3, 269
List the prime factors of 1024586.
2, 359, 1427
What are the prime factors of 248492?
2, 23, 37, 73
List the prime factors of 193134.
2, 3, 32189
What are the prime factors of 83721?
3, 11, 43, 59
What are the prime factors of 855462?
2, 3, 23, 6199
List the prime factors of 286071.
3, 167, 571
List the prime factors of 149482.
2, 31, 2411
What are the prime factors of 3888092?
2, 13, 74771
What are the prime factors of 33015?
3, 5, 31, 71
What are the prime factors of 1575757?
1575757
What are the prime factors of 2774593?
31, 37, 41, 59
List the prime factors of 5056179.
3, 29, 89, 653
List the prime factors of 913714.
2, 79, 5783
List the prime factors of 9144150.
2, 3, 5, 60961
What are the prime factors of 140593?
140593
What are the prime factors of 33644178?
2, 3, 163, 11467
What are the prime factors of 4163134?
2, 1009, 2063
List the prime factors of 165023.
59, 2797
List the prime factors of 794632.
2, 71, 1399
What are the prime factors of 1852563?
3, 617521
What are the prime factors of 1894238?
2, 947119
What are the prime factors of 2570606?
2, 53, 24251
List the prime factors of 1599599.
409, 3911
What are the prime factors of 203539?
7, 29077
What are the prime factors of 41738256?
2, 3, 7, 47, 881
List the prime factors of 410716.
2, 102679
What are the prime factors of 444822?
2, 3, 7, 17, 89
List the prime factors of 464080.
2, 5, 5801
List the prime factors of 548084.
2, 73, 1877
What are the prime factors of 263998?
2, 7, 109, 173
What are the prime factors of 328097?
7, 11, 4261
List the prime factors of 186897.
3, 62299
What are the prime factors of 4132026?
2, 3, 76519
List the prime factors of 39764.
2, 9941
List the prime factors of 2076122.
2, 263, 3947
What are the prime factors of 122333?
71, 1723
What are the prime factors of 1203142?
2, 109, 5519
What are the prime factors of 1531168?
2, 59, 811
What are the prime factors of 470170?
2, 5, 47017
List the prime factors of 300125.
5, 7
What are the prime factors of 17585195?
5, 193, 18223
List the prime factors of 2934557.
17, 53, 3257
List the prime factors of 5819623.
107, 137, 397
List the prime factors of 5942331.
3, 113, 5843
List the pri